when 376841 is divided by 47099.
49
What is the remainder when 452980 is divided by 214?
156
What is the remainder when 6524194 is divided by 1631047?
6
What is the remainder when 39309411 is divided by 209?
64
Calculate the remainder when 613902 is divided by 296.
294
What is the remainder when 7142 is divided by 2250?
392
What is the remainder when 42869 is divided by 128?
117
What is the remainder when 3037202 is divided by 39957?
470
Calculate the remainder when 2405483 is divided by 114546.
17
What is the remainder when 55958335 is divided by 3031?
13
What is the remainder when 142566 is divided by 92?
58
Calculate the remainder when 10916411 is divided by 1589.
1570
Calculate the remainder when 8049269 is divided by 2540.
9
Calculate the remainder when 478792 is divided by 331.
166
What is the remainder when 8332881 is divided by 274?
267
What is the remainder when 111027976 is divided by 5907?
4
What is the remainder when 412776 is divided by 477?
171
What is the remainder when 258202 is divided by 690?
142
What is the remainder when 45762103 is divided by 53398?
17
Calculate the remainder when 203320 is divided by 4840.
40
What is the remainder when 134289 is divided by 861?
834
Calculate the remainder when 65655976 is divided by 1971.
1966
Calculate the remainder when 4405678 is divided by 78672.
46
Calculate the remainder when 48106934 is divided by 66.
62
Calculate the remainder when 90431580 is divided by 107.
102
What is the remainder when 2429041 is divided by 273?
160
What is the remainder when 35478 is divided by 4982?
604
Calculate the remainder when 227433978 is divided by 310.
308
Calculate the remainder when 374443 is divided by 452.
187
What is the remainder when 54432 is divided by 283?
96
What is the remainder when 3499697 is divided by 59?
53
What is the remainder when 14429117 is divided by 221?
27
Calculate the remainder when 528658 is divided by 53.
36
What is the remainder when 31762 is divided by 3205?
2917
What is the remainder when 490415 is divided by 408?
407
What is the remainder when 267999 is divided by 129522?
8955
Calculate the remainder when 39140 is divided by 787.
577
Calculate the remainder when 12897740 is divided by 501.
497
Calculate the remainder when 8865362 is divided by 4644.
4610
What is the remainder when 4148007 is divided by 33184?
7
Calculate the remainder when 24110284 is divided by 3719.
7
Calculate the remainder when 383053 is divided by 5395.
8
What is the remainder when 19911 is divided by 193?
32
What is the remainder when 1443525 is divided by 679?
650
What is the remainder when 7265 is divided by 3345?
575
What is the remainder when 6537620 is divided by 42?
26
Calculate the remainder when 115105514 is divided by 2117.
2107
Calculate the remainder when 1170485 is divided by 1118.
1057
What is the remainder when 160773239 is divided by 57999?
11
Calculate the remainder when 171574 is divided by 157.
130
Calculate the remainder when 28138414 is divided by 24.
22
What is the remainder when 275105817 is divided by 2222?
2219
Calculate the remainder when 124406 is divided by 1048.
742
Calculate the remainder when 14161367 is divided by 1181.
1177
Calculate the remainder when 103703 is divided by 6309.
2759
What is the remainder when 4912925 is divided by 18196?
5
What is the remainder when 156295421 is divided by 52098460?
41
Calculate the remainder when 14453989 is divided by 600.
589
Calculate the remainder when 22920 is divided by 22614.
306
What is the remainder when 416793 is divided by 83340?
93
What is the remainder when 2972981 is divided by 830?
751
What is the remainder when 237800 is divided by 237763?
37
Calculate the remainder when 76583285 is divided by 1143.
1142
What is the remainder when 8231586 is divided by 107?
76
What is the remainder when 484072 is divided by 161334?
70
Calculate the remainder when 259576 is divided by 297.
295
What is the remainder when 1725133 is divided by 1855?
1838
Calculate the remainder when 1138753 is divided by 284666.
89
What is the remainder when 51437226 is divided by 51437226?
0
Calculate the remainder when 65465141 is divided by 16366280.
21
Calculate the remainder when 103678 is divided by 34514.
136
Calculate the remainder when 98599 is divided by 818.
439
Calculate the remainder when 8860 is divided by 133.
82
What is the remainder when 26434 is divided by 26016?
418
Calculate the remainder when 675534 is divided by 22503.
444
Calculate the remainder when 19484643 is divided by 3341.
3272
Calculate the remainder when 710141 is divided by 15.
11
What is the remainder when 52383039 is divided by 83?
79
Calculate the remainder when 31512 is divided by 10192.
936
Calculate the remainder when 98679935 is divided by 384.
383
What is the remainder when 30307575 is divided by 401?
396
What is the remainder when 216809 is divided by 43345?
84
Calculate the remainder when 2026373 is divided by 14.
13
What is the remainder when 972252 is divided by 346?
338
Calculate the remainder when 2347779 is divided by 1785.
504
Calculate the remainder when 57398952 is divided by 30.
12
What is the remainder when 6746011 is divided by 107?
89
Calculate the remainder when 1252249 is divided by 29122.
3
Calculate the remainder when 2931051 is divided by 2171.
201
What is the remainder when 1128429 is divided by 118?
113
Calculate the remainder when 482830 is divided by 131.
95
What is the remainder when 2210974 is divided by 232?
14
Calculate the remainder when 1240401 is divided by 621.
264
Calculate the remainder when 55473 is divided by 879.
96
What is the remainder when 64595 is divided by 15806?
1371
What is the remainder when 15502559 is divided by 2214650?
9
Calculate the remainder when 2093777 is divided by 697906.
59
What is the remainder when 58407109 is divided by 2085?
4
Calculate the remainder when 9484503 is divided by 948450.
3
What is the remainder when 504914 is divided by 2475?
14
Calculate the remainder when 9264191 is divided by 193.
191
Calculate the remainder when 5686689 is divided by 5.
4
Calculate the remainder when 363047 is divided by 90504.
1031
What is the remainder when 913436 is divided by 3988?
184
Calculate the remainder when 2155441 is divided by 1751.
1711
Calculate the remainder when 73021050 is divided by 109.
97
Calculate the remainder when 242970 is divided by 532.
378
Calculate the remainder when 48522 is divided by 12019.
446
Calculate the remainder when 20158 is divided by 493.
438
Calculate the remainder when 162183 is divided by 40337.
835
What is the remainder when 318144 is divided by 1952?
1920
Calculate the remainder when 13212 is divided by 124.
68
What is the remainder when 109348718 is divided by 79?
78
Calculate the remainder when 581711 is divided by 848.
831
What is the remainder when 123145 is divided by 57559?
8027
What is the remainder when 3223311 is divided by 52?
39
What is the remainder when 216183 is divided by 2345?
443
What is the remainder when 50738399 is divided by 900?
899
Calculate the remainder when 208955 is divided by 212.
135
What is the remainder when 614267 is divided by 76781?
19
What is the remainder when 1149644 is divided by 28014?
1070
What is the remainder when 103222480 is divided by 1166?
1164
Calculate the remainder when 29809 is divided by 29788.
21
What is the remainder when 267984 is divided by 267939?
45
Calculate the remainder when 7544440 is divided by 543.
541
What is the remainder when 9841 is divided by 4001?
1839
What is the remainder when 2715726 is divided by 146?
126
What is the remainder when 40668396 is divided by 396?
384
Calculate the remainder when 154643 is divided by 758.
11
What is the remainder when 647518 is divided by 69?
22
Calculate the remainder when 1457469 is divided by 134.
85
What is the remainder when 3417435 is divided by 30?
15
Calculate the remainder when 11119876 is divided by 21.
19
Calculate the remainder when 85931 is divided by 21481.
7
Calculate the remainder when 29190845 is divided by 1717108.
9
What is the remainder when 487896 is divided by 646?
166
What is the remainder when 438161 is divided by 146045?
26
Calculate the remainder when 195473961 is divided by 644.
641
What is the remainder when 122487 is divided by 263?
192
C